reatest common factor of u and 36?
9
Suppose -a + 6 - 39 = 3*p, -4 = p - 2*a. Let d(u) = -3*u - 26. Let j be d(p). What is the greatest common divisor of j and 28?
4
Suppose 4*d - 255 = 193. Let u be (22/8)/(1/16). Suppose v + 2*v = -g + u, 2*v = 5*g + 18. Calculate the greatest common divisor of v and d.
14
Suppose -5*l = 3*f - 99 + 34, 53 = 3*l - f. What is the highest common factor of l and 72?
8
Suppose -3*m = -3*d - 261, -3*d - 83 = 2*m - 252. Suppose -2*s = 4*g - m, -4*s + 33 + 67 = 5*g. What is the highest common factor of g and 72?
24
Let j be 1/(13/6 - 2). Let f be (54 - 2) + (9 - 7). What is the greatest common divisor of f and j?
6
Let h be (2/(-17) - 45/51) + 7. What is the highest common factor of h and 18?
6
Let f(w) = -40*w + 5. Let d be f(-3). Suppose -3*u + 24 = -51. What is the greatest common factor of d and u?
25
Let b = 127 - 98. What is the greatest common factor of 232 and b?
29
Let k(l) = 33*l**3 + 3*l**2 - l - 1. Let f be k(1). Suppose 20 = 2*n - 4*i, 3*n - f = n - 3*i. What is the greatest common factor of 98 and n?
14
Suppose 14 = 2*m - 0*m. Suppose 5*y = 4*d - 2, y + 11 - 1 = -4*d. Let w = y + 3. Calculate the greatest common divisor of m and w.
1
Let v be (-4)/14 - 10/(-35). Suppose v*w - 5*w = 0. Suppose 2*x = 2*h - 24 - w, h - 3*x - 2 = 0. Calculate the greatest common divisor of 68 and h.
17
Suppose 0 = -4*b - 409 + 637. Calculate the greatest common factor of 969 and b.
57
Let j(l) = 4*l**2 - 14*l + 2. Let g be j(4). What is the greatest common divisor of g and 230?
10
Suppose -88 = 7*m + 87. Let v = m + 40. What is the highest common divisor of v and 165?
15
Let q(s) = 14*s**3 + 2*s**2 - s - 1. Let b be q(1). What is the highest common divisor of b and 49?
7
Let r be (124/(-6))/(-1 + (-15)/(-45)). Calculate the greatest common divisor of 1953 and r.
31
Let x be (-2 - -8) + (1 - 2). Let j be 2/x*(-105)/(-3). Suppose 2*a = q + 28 + 19, -a + 5*q + 46 = 0. What is the highest common factor of a and j?
7
Let t(l) = -50*l**2 - 27*l - 12. Let h(w) = 25*w**2 + 13*w + 6. Let y(f) = 13*h(f) + 6*t(f). Let b be y(-3). What is the greatest common divisor of 35 and b?
35
Let j(p) = -5*p + 257. Let s be j(13). What is the highest common factor of 36 and s?
12
Let h be (2 - (-1 - -9))/(-1). Let t(f) = 2*f + 12. Let s be t(h). Let v = 46 - s. Calculate the highest common divisor of 242 and v.
22
Let x be 45/27 + (-4)/(-12). Suppose 3*z - 1 = -4*h, 0 = -5*z - 2*h - 3*h + 5. Suppose z*b = -x*b + 80. Calculate the highest common factor of b and 176.
16
Let c(h) = h**2 - 3*h - 172. Let f be c(-15). What is the highest common divisor of 245 and f?
49
Suppose -5*q = -2*k + 130, 0*k - 95 = -k - 5*q. Let u = -63 + k. What is the highest common divisor of u and 108?
12
Suppose -5*m + 15 + 15 = 0. Suppose -c - m - 2 = -f, 5*f = 4*c + 35. Suppose f = -4*k + 15. What is the greatest common factor of 6 and k?
3
Suppose 2*f = 3*f - 2*f. Suppose 0*g - a = -3*g + 338, -5*g = -3*a - 562. Suppose f = -b + g - 3. Calculate the greatest common factor of b and 10.
10
Suppose 0 = -d - 1 + 4. Let a be (44 - (6 + -3)) + -1. Suppose -d*q = -44 - a. What is the highest common factor of q and 42?
14
Suppose 0 = -37*q + 8178 + 23568. Calculate the highest common factor of q and 33.
33
Let y be (-21)/35 - (-44)/(-10). Let t be -19 + y + -4 + 8. Let u = t - -26. What is the greatest common factor of 24 and u?
6
Let s(q) = 8*q**3 + 4*q**2 + 2*q - 3. Let r be s(2). What is the highest common divisor of r and 108?
27
Suppose 3*o - 4 = 2*l, 0*o - l = 5*o - 11. Suppose -o*i - 10 = -34. Calculate the highest common factor of i and 60.
12
Let h be (-4 - (-7 - (-2 + -1)))/2. Suppose -d = -2*d - 1, g + 3*d - 7 = h. Calculate the greatest common divisor of g and 130.
10
Let n = 255 + -159. Let a be 3033/12 - (51/(-12) + 4). Suppose -2*l = -5*j + 314, 0*j - 4*j + a = -l. What is the greatest common divisor of j and n?
32
Suppose -9*y + 5*y + 1012 = 0. Suppose 321*n - 322*n = -23. What is the greatest common divisor of n and y?
23
Suppose -417*y - 10108 = -51808. Let b(f) = 4*f + 4. Let t be b(4). Calculate the highest common factor of t and y.
20
Let v(h) = 14*h - 10. Let d(a) = -69*a + 51. Let f(k) = 4*d(k) + 21*v(k). Let y be f(2). Calculate the greatest common factor of 150 and y.
30
Let o = -55 - -51. Let n = 76 + o. Let j = -17 + 26. What is the greatest common divisor of n and j?
9
Let q be (-6)/4*12/(-9). Let f be ((-6)/1)/q + 22. Suppose 0 = 8*l - 991 - 377. Calculate the highest common factor of f and l.
19
Let k = 101 + -26. Let y be 56/16 - 1/(-2). Suppose y*x = 54 + 66. What is the highest common divisor of k and x?
15
Suppose 2*r - 691 = 2*n - 701, 3*r = 2*n - 6. Let w be 4/(-2) + -2 + 4. Suppose w = 6*p - 4*p - 6. What is the highest common divisor of n and p?
3
Suppose 3*n + 3*o - 47 = 88, -4*n = -3*o - 208. What is the highest common factor of n and 441?
49
Suppose 0 = -q - 141 + 253. What is the greatest common factor of 84 and q?
28
Let l(k) = -k**3 - 30*k**2 - 27*k + 80. Let f be l(-29). What is the greatest common factor of f and 77?
11
Let b be 513/38*6/9. Calculate the highest common divisor of b and 279.
9
Let t = 202 + -124. Let f = t - 39. What is the highest common divisor of f and 26?
13
Let u be -3 + (1 - 4 - -114). Let z = u + -54. What is the highest common factor of 6 and z?
6
Let f = 2045 + -2010. What is the greatest common factor of 119 and f?
7
Let y be (588/126)/((-1)/(2 + -8)). What is the greatest common factor of 224 and y?
28
Suppose 2*f = v + 61, 0 = 8*f - 6*f + 5*v - 67. Calculate the greatest common factor of 31 and f.
31
Let j(s) = s**3 + 36*s**2 + 30*s - 166. Let g be j(-35). Let i = -83 + 146. What is the greatest common divisor of g and i?
9
Let x be 16*(-27)/6*7/(-14). Calculate the greatest common factor of 48 and x.
12
Suppose -18*h + 14*h = 84. Let j = 27 + h. What is the highest common divisor of 24 and j?
6
Let d be (-2 + (-25)/3)/(149/(-3576)). Calculate the highest common factor of 186 and d.
62
Let v be (3 - 1) + -8 - -3. Let z(h) = -h**3 - 2*h**2 + 2*h. Let d be z(v). Let u be -1*(-8 - (d - 4)). Calculate the greatest common factor of u and 21.
7
Suppose 0 = -7*u + 3*u + 192. Let y = u - 23. Calculate the highest common factor of 25 and y.
25
Let h be ((-350)/(-7))/10 - 27/(-1). What is the greatest common factor of 160 and h?
32
Let c = 53 - 44. Let x = 142 - 79. Calculate the highest common divisor of c and x.
9
Suppose 0 = -6*k + 13*k - 84. Let a(c) = -c. Let h be a(-3). Calculate the highest common divisor of h and k.
3
Let b(s) = s**3 + 8*s**2 + 6*s - 2. Let n be b(-7). Let z(d) = d**3 - 3*d. Let j be z(n). Calculate the highest common divisor of 10 and j.
10
Let r be (3 + (1 - 2))*2. Suppose 4*v + 4 = 4*h - 4, -5*h + 4*v + 5 = 0. Let f be -1 + (-3)/h + 16. What is the greatest common factor of f and r?
4
Let r be (-15)/((-9)/(-3)) + 59. Calculate the highest common factor of r and 243.
27
Let a be -4 - (-219 + -3) - 2. Suppose -3*r - 2*n + a = 3*n, 142 = 2*r + 4*n. What is the greatest common factor of r and 7?
7
Suppose 4*y = 39 + 17. Suppose -4*t = -y + 6. Suppose t*g - 4 = 0, 20 = 4*b - 2*b + 4*g. What is the greatest common divisor of 6 and b?
6
Let b(y) = -7 - 5 + 0 + 4 + 15*y. Let t be b(2). Let h(s) = 29*s**2 - 3*s. Let x be h(2). Calculate the highest common factor of t and x.
22
Let s(t) be the first derivative of -t**2 - 8 + 50*t - 1/4*t**4 - 1/3*t**3. Let g be s(0). What is the greatest common factor of g and 20?
10
Let v be (-582)/(-54) - (7/9 + -1). What is the highest common divisor of v and 275?
11
Let z = -8 + 148. Suppose 0 = 2*r - r - z. Calculate the highest common divisor of r and 20.
20
Let j(w) = w**3 - 6*w**2 + 7*w - 10. Let g be j(6). Calculate the greatest common divisor of g and 72.
8
Suppose 4*h + 5*m = 215 + 390, 2*m = 2. Suppose -2*f + 2*t = -40, 4*f + 5*t + 34 - h = 0. Calculate the greatest common factor of 264 and f.
24
Let h be (-18)/(-30) + 17/5. Suppose 5*t = 0, -45 = h*w + 3*t + 3. Let p be ((-64)/w)/((-1)/(-9)). Calculate the highest common factor of p and 16.
16
Let y be (6 - 0)*((-104)/(-16) + -6). Let z be ((-1335)/(-7))/y - (-12)/(-21). What is the highest common divisor of z and 14?
7
Suppose -5*u + 116 = q, -4*q + 667 - 173 = 5*u. Calculate the highest commo